 common divisor of s and m?
20
Let p(t) = 99*t + 534. Let v be p(-5). What is the greatest common factor of 1469 and v?
13
Let x(o) = 5*o**3 - 21*o**2 - 11*o - 51. Let l be x(17). Let y be l/119 - (12/7)/4. What is the highest common factor of y and 204?
51
Let m be 3 + (-4)/(-8)*-146. Let f = -61 - m. Suppose -3*a - 288 = -11*a. What is the greatest common divisor of f and a?
9
Let w(f) = f**3 - 18*f**2 + 47*f - 21. Let p be w(15). Let y(n) = -2*n + 4*n + 3*n - 4*n - 4. Let k be y(13). Calculate the greatest common factor of p and k.
9
Suppose 3*d - 5*d = -8. Let b be 248/64 + 3/24 + (-7 - -5). Calculate the greatest common divisor of d and b.
2
Let x(p) = -p**2 - 230*p - 9805. Let d be x(-74). What is the highest common divisor of d and 370?
37
Let w(b) = -b**2 + 84. Let u be w(9). Let n be u*16 + (-2 + 2)/4. What is the greatest common factor of 400 and n?
16
Suppose -5*z - 25 = 0, -41*j - 1958 = -42*j + 4*z. Calculate the greatest common divisor of 342 and j.
114
Suppose 18522 = 60*z - 18*z. Calculate the greatest common divisor of 42 and z.
21
Let o(s) = -8*s + 183. Let a(b) = -3*b + 92. Let l(k) = -9*a(k) + 4*o(k). Let u be l(-22). Calculate the greatest common factor of 7 and u.
7
Suppose 5*d = l + 5610, 11*d + 2241 = 13*d - l. What is the highest common factor of d and 1?
1
Let t be -20*(-5)/25 + 1 + 743. Let a = t + -449. Calculate the greatest common divisor of 26 and a.
13
Suppose -923*n = -562*n - 3249. Calculate the highest common factor of 2055 and n.
3
Let n(b) = 12*b + 3. Let g be n(6). Let q(r) = 15 + 17*r - 16*r - 10*r. Let w be q(0). Calculate the greatest common divisor of w and g.
15
Suppose 0 = -29*o + 32*o + 4*n - 2878, 2*o + 4*n = 1928. What is the greatest common divisor of o and 100?
50
Suppose 14*i - 30578 = 3893 + 50537. What is the highest common factor of 396 and i?
132
Let k = 17469 + 3266. What is the greatest common divisor of k and 290?
145
Let j(i) = i**3 - i**2 - 55*i + 744. Let w be j(0). Calculate the highest common divisor of 992 and w.
248
Let i be 11 + 21/(4 + -7). Suppose l - i = -l + 3*w, -3*l + 6 = -4*w. What is the highest common divisor of 56 and l?
2
Suppose 0 = -3*x - s + 218, -3*s + 2*s + 2 = 0. Let v = 20208 - 20199. Calculate the greatest common factor of x and v.
9
Let k(n) = -n**3 + 39*n**2 - 93*n - 60. Let z be k(24). Calculate the highest common divisor of 12 and z.
12
Let h(m) = -20*m**2 - 220*m + 1. Let c(v) = 29*v**2 + 331*v - 2. Let r(d) = 5*c(d) + 8*h(d). Let g be r(-6). What is the greatest common factor of 16 and g?
8
Let q be ((0 - 2) + -10)*(-24 + -122). What is the greatest common divisor of 24 and q?
24
Let g = 42 - -26. What is the greatest common divisor of g and 32776?
68
Suppose 320 = 68*s - 1428 + 388. What is the highest common divisor of s and 6250?
10
Suppose 11090 = 3*f + 2*x, 2*x - 3764 = 5*f - 22210. What is the greatest common divisor of 2 and f?
2
Let b(m) = 8*m + 3. Let n be b(3). Suppose -370*g - 7936 = -43760 - 94046. Calculate the greatest common divisor of g and n.
27
Suppose -120*l + 96*l + 960 = 0. What is the greatest common factor of l and 4456?
8
Suppose 11*z - 12*z = 8*z - 1278. Calculate the greatest common factor of z and 3195.
71
Let a be 1 - (0 - -65)*-3. Suppose 5*u - 435 = 5*s, 2*s = -3*u - 391 + 637. Calculate the highest common divisor of a and u.
28
Suppose 3*q - 110 = -5*u, 3 = -u + 7. Let c(s) = -7961*s + 24123. Let n be c(3). Calculate the greatest common factor of n and q.
30
Let z be 1/(7/10225) + 1/(7/2). Calculate the highest common divisor of 3 and z.
3
Suppose 0 = -5*b + 4*b + 105. Let j = b - 187. Let s = -38 - j. Calculate the greatest common divisor of 11 and s.
11
Let f(a) = 2*a + 4. Let m be f(8). Suppose 0 = 5*l - 4*c - 380 - 230, -4*l + c = -510. What is the highest common factor of m and l?
10
Let z(d) = 555*d + 3474. Let y be z(-6). Calculate the greatest common factor of 234 and y.
18
Let f(q) = 5391*q - 847. Let d be f(2). Calculate the highest common factor of d and 5.
5
Let k = 43 + -10. Let m(w) = -w**3 - 7*w**2 + 644*w + 4530. Let x be m(-7). What is the highest common divisor of k and x?
11
Suppose 0 = -l - 4, 3*z + 3*l + 410 = 4*z. Let y = z + -385. Calculate the greatest common factor of 325 and y.
13
Let r = 1 + -9. Let q be 1030/35 + r/(-14). Let n be ((-10)/(-4))/(1/2). Calculate the greatest common divisor of n and q.
5
Let z = -173 - -225. Suppose z*x + 26 = r + 56*x, 71 = 4*r + 5*x. What is the highest common divisor of r and 63?
7
Let g = 170 + -181. Let l(j) = 4*j**2 + 4*j - 30. Let a be l(g). Calculate the greatest common divisor of 41 and a.
41
Let x be (11 - 14)/(0 - (0 + 1)). Suppose v = -3*p - x, 5*p - 4*p + 4*v + 12 = 0. Suppose -i + 23 - 9 = p. What is the highest common divisor of 126 and i?
14
Suppose 4*d - 4*k = 276, 4*k = -2*d + 7*k + 141. Calculate the highest common divisor of 21549 and d.
33
Suppose 11*s - 8 = 7*s. Suppose 2*v - 33 = 5*h, 3*h = 5*v + s*h - 71. Suppose 5*t - 37 = -3*y, -y - y = -2*t - v. What is the highest common factor of 54 and y?
9
Suppose 0 = 3*f + 15, 4*k + 70*f - 393 = 67*f. Calculate the greatest common divisor of k and 3111.
51
Suppose 15 = 12*v - 21. Suppose -v*r + 144 = -2*p, 0 = -2*r + 4*r + 4*p - 112. Calculate the greatest common divisor of r and 175.
25
Suppose 293 + 861 = 2*k - 2*s, -569 = -k - s. Calculate the highest common factor of k and 9.
3
Suppose 1416*g - 3024 = 1374*g. Calculate the highest common factor of g and 12546.
18
Suppose 0 = 7*d + 52 - 3, -2*d + 4 = 3*j. Let s = 13 + 41. What is the highest common divisor of s and j?
6
Suppose 8*c = -17*c - 17575. Let i = c - -711. What is the highest common factor of i and 208?
8
Let w(b) = 523*b**3 + 10*b**2 - 27*b + 3. Let j be w(2). Calculate the highest common divisor of 26 and j.
13
Let z be ((-53)/(1855/(-270)))/((-6)/43232*-4). Calculate the highest common factor of z and 72.
72
Suppose 3*k - 20 = -k. Let f(m) = 31*m + 9. Let h be f(k). Let n = 73 - 32. Calculate the highest common divisor of h and n.
41
Suppose -6*l - 69 - 61 = -142. Suppose 0 = -5*a + 17 + 113. What is the highest common factor of a and l?
2
Suppose -33*z + 99*z - 1056 = 0. Let k(x) = 2*x**2 + 11*x + 6. Let l be k(-4). Let q be ((-1)/2)/(l/288). What is the highest common factor of q and z?
8
Let r be (17/2)/(2/(-3)*148/(-1776)). What is the greatest common divisor of 603 and r?
9
Suppose u + u + 4*y - 3284 = 0, y + 6595 = 4*u. Calculate the greatest common divisor of u and 104.
8
Let v = -4724 - -4807. Calculate the highest common divisor of 4 and v.
1
Suppose -9*q + 0*q + 801 = 0. Let y = q - 69. Suppose -y*i + 84 = -14*i. What is the greatest common factor of 2 and i?
2
Let t = -248815 + 248819. Suppose -3*p + 5*p + 5*h = 124, p = 5*h + 32. What is the highest common factor of t and p?
4
Let g be (-651)/4557 - 6/21*(-562)/4. Calculate the greatest common factor of 6780 and g.
20
Let k = 7892 + -1814. Suppose -24*s + k = -1722. What is the highest common factor of s and 13?
13
Let p = -4141 + 4171. What is the greatest common factor of p and 1206?
6
Suppose r = 6, -33*p + 44 = -31*p + 3*r. Let i(x) = -25*x - 7. Let y be i(-6). What is the highest common factor of p and y?
13
Let z(d) = -d**3 + 5*d - 8. Let t be z(-3). Suppose -t*c = -160 + 40. What is the highest common factor of 70 and c?
10
Let g(a) = -a**3 - 3*a**2 + 15*a - 11. Let s be g(-6). Suppose 2*h = s + 21. Let y be 294/56*(-8)/(-3). What is the highest common divisor of y and h?
14
Let t = 5684 - 4613. Calculate the greatest common divisor of t and 882.
63
Let y(d) = -2*d**3 + 24*d**2 - 5*d - 23. Let k be y(11). What is the greatest common factor of 1271 and k?
41
Let q = 649 - 413. What is the highest common factor of q and 3953?
59
Let r(y) = -5*y**3 + 4*y**2 + 46*y + 44. Let v be r(-6). Calculate the greatest common factor of v and 96.
32
Let v = -44 - -130. Suppose 1174 = 8*q + v. What is the greatest common factor of 8 and q?
8
Let w be (-2)/(-6) - 20/(-12). Let b be w/(-3) - 78/(-9). Let t = 86 - 14. What is the highest common factor of t and b?
8
Let t = 205 + -202. Suppose -3*d = -4*z - 420, -t*z + 585 = 2*d + 2*d. Calculate the greatest common divisor of d and 18.
18
Suppose -23*v - 753 + 6917 = 0. Calculate the greatest common divisor of v and 3082.
134
Let d 